 + 10*p**2 - 10*p + 10. Let f be s(9). Let z(w) = -w**2 - 1. Let j(x) = -7*x**2 + 3*x + 1. Let n(u) = f*j(u) - 6*z(u). What is n(5)?
-3
Let x(w) = 3*w + 1. Let i(y) = -y - 13. Let u(l) = -i(l) - x(l). Calculate u(5).
2
Let n be 114/102 + (-18)/153. Let f(d) = d - 3. Determine f(n).
-2
Let o = -476 - -483. Let r(z) be the second derivative of -z**5/20 + 2*z**4/3 - 4*z**3/3 + z**2/2 + z. Calculate r(o).
-6
Let b(v) = v - 7. Let q be b(10). Let m(h) = -86*h - q + 87*h + 2. Determine m(5).
4
Let q(u) = -4*u. Suppose -10*v + 4 = -9*v. Suppose 4*d + 36 = 4*b, -4*d - 2 = 2*b + v. Let l be d/3*21/14. Give q(l).
8
Let w(x) = -x**2 + 2*x + 2. Suppose -9 - 5 = -7*o. Let s be ((-4)/8)/(1/(-10)). Suppose o*c - s = c. Calculate w(c).
-13
Let x(k) = -5*k + 2 - 4 + k**2 - 3. Let t be (-2 - 45/(-6)) + 1/2. Give x(t).
1
Suppose -5*w + 19 = -6. Let m(j) = 6*j - 7 - 5*j**2 - j + 4*j**2. Determine m(w).
-7
Let l(a) = 3*a - 3. Let i = 37 - 63. Let y = -16 - i. Suppose -3*d + 8*d - y = 0. What is l(d)?
3
Let z(k) = -13*k - 3 - 10*k + 18*k. Let w(l) = 9*l + 6. Let q(f) = f**3 + 6*f**2 + 7*f + 6. Let h be q(-5). Let d(y) = h*w(y) - 7*z(y). Determine d(-4).
1
Let u be -2*1/(-2) + 1. Let q(t) = -u*t**3 + 2*t**3 + 2*t**2 + 4*t**2 - 6*t + 2 + t**3. Suppose 33*s = -40 - 191. What is q(s)?
-5
Let g(v) = -132*v - 7 - 140*v + 273*v. Determine g(7).
0
Let n(m) be the third derivative of -m**5/60 + m**4/24 - 4*m**3/3 + 9*m**2. Suppose -3*y + 3*f = -9, 4*f = y - 2*y - 12. Suppose -5*u + u = y. Give n(u).
-8
Let r(m) = -m - 2. Suppose -2*h = -4*j + 5*j, 0 = 3*j + 4*h. Give r(j).
-2
Let o(c) = 4*c - 4*c**2 + 18 - 2*c + 0*c - 20 - 1. Determine o(2).
-15
Let y(v) be the third derivative of v**4/24 + 3*v**3/2 - 477*v**2. Determine y(6).
15
Let i(n) = 17*n**3 - 17*n**2 + 4*n + 20. Let a(k) = 20*k**3 - 18*k**2 + 6*k + 21. Let u(f) = -6*a(f) + 7*i(f). Determine u(-10).
-6
Let d(h) = -h**3 + 7*h**2 + 5*h - 10. Let y(z) = -z**3 - 7*z**2 - 16*z - 53. Let n be y(-6). Determine d(n).
25
Suppose 5*x = -15, 5*j + 5*x - 4 = -14. Let a(t) = 0 + j + 9*t - 8*t. Let w = -8 + 3. Determine a(w).
-4
Let f(s) be the second derivative of 19*s**4/4 + s**3/6 - 38*s. Determine f(1).
58
Let t(y) = 6*y**2 - y - 1. Suppose 27*n = 22*n - 20. Let v(o) = -5*o**2. Let k(d) = n*t(d) - 5*v(d). Give k(-4).
4
Let b = 20 + -15. Suppose -3*h - 9 = -4*f - 2*h, -f + b*h = -26. Suppose 2*p - f = 11. Let x(v) = v**2 - 6*v - 3. Give x(p).
-3
Let n be (0 - 9)/((-7)/(-7)). Let i(r) = -r**2 - 10*r - 10. Determine i(n).
-1
Let y(h) = 17*h**2 - h + 4*h - 21*h**2 + h**3 - 2. Let j(f) = -f**2 - 19*f - 15. Let g be j(-18). Determine y(g).
-2
Let v be 76/12 - (-2)/3. Let b(r) = -r + 3. What is b(v)?
-4
Suppose -y + 27 = 2*y. Let s(a) be the second derivative of -a**3/2 + 9*a**2/2 + 115*a. Determine s(y).
-18
Let y(x) = -32*x - 10. Let p(o) = 44*o + 15. Let v(b) = -5*p(b) - 7*y(b). What is v(-5)?
-25
Let i(t) = 8*t + 73. Suppose 188*p - 170*p + 180 = 0. Calculate i(p).
-7
Let q(n) = -3*n**2 - n. Let u = 12 - 8. Suppose -u*b + b + 12 = 0. Let k(c) = -c + 3. Let x be k(b). Give q(x).
-2
Suppose 4*u - 2*h = 24, -4*u - 2*h = u - 30. Let m(n) be the first derivative of n**4/4 - 7*n**3/3 + 7*n**2/2 - 5*n - 155. Give m(u).
1
Let g(f) = -f - 3. Let i be g(-7). Suppose 0 = -p + 3*p + i*m + 22, 3*p + 8 = -m. Let h(o) = 31*o**3 + 2*o**2 + o. What is h(p)?
-30
Let z(j) = -j**3 - 8*j**2 + 7*j - 12. Let c = -3 + -6. Let p be z(c). Let o(v) = v**2 - 3*v - 2. Give o(p).
16
Let k(q) be the second derivative of -1/6*q**4 + 5*q + 0*q**3 + 0 - 1/2*q**2. Give k(1).
-3
Suppose -144*z + 139*z = 10. Let u(h) = 3*h**2 + 3*h + 3. What is u(z)?
9
Let g(w) be the third derivative of -w**8/20160 - w**7/720 - w**6/360 + w**5/60 - 11*w**2. Let t(h) be the third derivative of g(h). Give t(-6).
4
Let j(t) be the third derivative of -t**4/24 - t**3/2 + 2*t**2. Let h(p) = p + 5. Let l be h(-2). Give j(l).
-6
Let h(i) = i**3 - 4*i - i**2 + 1 - 5*i**2 + 5*i**2 - 5 + 5*i. Let d be (1/2)/(1/(-2)). Let z be (1 + d)*(1 - 2). Calculate h(z).
-4
Let p(t) = 11 + 12 - 52 + 36*t - 47*t + 17. Calculate p(-1).
-1
Let j(g) = -2*g + 2. Let m(h) = -14*h + 8. Let c(d) = -4*j(d) + m(d). Let t be 1*-3 - (-2 - 0). Give c(t).
6
Let x(w) = w**2 - 6*w - 9. Let j be 14/4*(7 + -4 - 1). What is x(j)?
-2
Let c(n) = n - 4. Let w = 359 - 360. Give c(w).
-5
Let j(d) = d**3 - 9*d**2 - d + 8. Let x = -585 - -594. What is j(x)?
-1
Let b = -46 + 37. Let a(x) be the first derivative of x**3/3 + 7*x**2/2 - 15*x + 5. Let q be a(b). Let f(s) = -s**3 + 2*s**2 - s + 4. Give f(q).
-8
Let k(u) = 4*u**2 - u**2 + 5*u**2 - 7*u**2 + u**3 - 17. Determine k(0).
-17
Let x(s) = -s**2 - 8*s + 14. Suppose -4*n - 65 + 25 = 0. Determine x(n).
-6
Let b(r) be the second derivative of -r**3/2 + 5*r**2 - 2*r + 2. What is b(4)?
-2
Let q(u) be the second derivative of u**5/20 + u**4/3 - u**3/6 + 3*u**2 + u - 30. Calculate q(-5).
-14
Let i(j) = -6*j**2 - 2 - 93*j + 1 + 91*j - 3*j**2 + 3*j**2. Calculate i(-3).
-49
Suppose 0*r = r. Let o(k) be the third derivative of k**8/6720 + k**4/24 - 13*k**3/3 + 2*k**2 - 3. Let w(m) be the second derivative of o(m). Give w(r).
0
Let o(v) = v**2 + 5*v - 4. Let w(u) = 2*u**2 + 28*u - 36. Let g be w(-15). Calculate o(g).
2
Let x(g) = 7*g**2 - 6*g - 4. Let l(p) = -p**3 - 8*p**2 - 7*p - 6. Let b be l(-7). Let n(y) = -6*y**2 + 5*y + 3. Let d(w) = b*n(w) - 5*x(w). Determine d(-3).
11
Suppose -123 = 4*q - 139. Let b(d) = -9*d**2 - 1 - 4 + 10*d**2. Give b(q).
11
Let d(b) be the third derivative of b**6/120 + b**5/15 - b**4/8 - b**3/2 - 54*b**2 - 4. Calculate d(-5).
-13
Let j = 13 - 8. Let t(n) = n**3 + 3 + j*n - 6*n**2 + 4 - 4. Suppose 0 = 4*i + p - 4 - 16, 5 = i + 5*p. Give t(i).
3
Let s(d) = d - 2. Suppose 47*l + 207 = 24*l. Determine s(l).
-11
Suppose -20*p = -15*p - 3*v + 21, -3*p = -v + 15. Let g(f) = -3*f - 9. Give g(p).
9
Let k(g) be the second derivative of -g**4/2 - g**3/3 + g**2/2 - 52*g. Let w(m) = -m**2 + 8*m - 4. Let i be w(7). Let p = -2 + i. Calculate k(p).
-7
Suppose 3*g = -3*t + 9, -g + 5*t + 1 + 14 = 0. Let m(c) = -c**2 - 1. Let y(u) = -4*u**2 - 7*u - 1. Let p(v) = -5*m(v) + y(v). Give p(g).
-6
Let q(b) = -3*b - 35. Let f(j) = 106*j - 436. Let z be f(4). Give q(z).
1
Let g(q) = -q**2 + 0*q**2 + 3*q + q**3 + 1 + 2*q**2. Calculate g(-2).
-9
Let o(p) = 7*p - 29. Let t(d) = 5*d - 27. Let k(c) = -2*o(c) + 3*t(c). Calculate k(18).
-5
Let l be 0/(3/(3/2)). Suppose -3*a + l*a + 9 = 0. Let n(d) = d**3 - 4*d**2 - 3*d + 4. Determine n(a).
-14
Suppose -69*i + 9 + 129 = 0. Let y(l) be the third derivative of 1/24*l**4 + 0 + 0*l - 1/6*l**3 - 12*l**i. Calculate y(4).
3
Let n be 4*(5 - 2) + 6/(-2). Let g(z) = 2*z**2 + 13*z - z**3 - 1 - n*z**2 - 15*z. Calculate g(-7).
13
Let s(l) be the first derivative of l**2 + l + 68. What is s(7)?
15
Let s(k) = 2 + 2 - 2 + 1 - k. Suppose -5*v + 10*v = 10. Let z = 3 + v. Give s(z).
-2
Let g be (-40)/(-48)*(-11)/(-55). Let y(k) be the second derivative of -g*k**3 - 1/2*k**2 + 0 - 3*k. Give y(-4).
3
Let z be (-4 + (-104)/(-28))*-7. Let g(a) = -z*a + 7 + 0*a - 3. Calculate g(5).
-6
Let q(i) be the third derivative of i**7/5040 - i**6/240 + 2*i**5/15 + 18*i**2. Let a(m) be the third derivative of q(m). Calculate a(3).
0
Let h = -2 - -2. Let d(m) = m**2 + 2. Let c be d(h). Let w(f) = -3*f + f**2 - 2 + 0*f**3 - f**3 - f**c - 2*f**2. What is w(-2)?
4
Let c(s) = -s + 7. Let v = -7 + 6. Let f be -1*(-10 - v - -4). Give c(f).
2
Let l(v) = -2*v**2 - v - 2. Let u(p) = 3*p**2 + 3*p + 5. Let i(y) = 7*l(y) + 3*u(y). Suppose -3*b = -b - 16. Let s(d) = 2*d - 17. Let r be s(b). What is i(r)?
-6
Let i(g) be the first derivative of g**4/4 + 2*g**3/3 + 5*g**2/2 + 4*g - 11. What is i(-3)?
-20
Let t(l) = 3*l**2 + l - 1. Let c(y) = -7*y**2 - 3*y + 6. Let m(a) = 1. Let g(h) = c(h) - 4*m(h). Let f(d) = 2*g(d) + 5*t(d). Determine f(2).
1
Let r(a) = -3*a**2 + 2*a - 17. Let g(n) = -5*n**2 + 3*n - 17. Let s(b) = -2*g(b) + 3*r(b). Give s(-7).
32
Let i(f) = -4*f**2 - 2 - 3*f + 2*f**2 - f**2. Let g(a) = -a**3 - 24*a**2 + 24*a - 27. Let h be g(-25). Calculate i(h).
-8
Let o(u) = 5*u**3 + u**2 + 8*u - 14. Let a be o(7). Let x(b) = 4*b - 1806 + a. Let c = 0 + -1. Determine x(c).
-4
Let s(u) = 4*u**2 - 7*u - 7. Let n(t) = -5*t**2 + 8*t + 11. Let y(l) = -5*n(l) - 6*s(l). Determine y(-6).
11
Let 